f 122221?
2
What is the thousands digit of 1550?
1
What is the hundreds digit of 2504?
5
What is the thousands digit of 1232?
1
What is the tens digit of 1810?
1
What is the tens digit of 6446?
4
What is the ten thousands digit of 27872?
2
What is the units digit of 1587?
7
What is the tens digit of 1120?
2
What is the units digit of 8628?
8
What is the hundreds digit of 3264?
2
What is the hundreds digit of 1862?
8
What is the units digit of 4273?
3
What is the units digit of 1275?
5
What is the hundreds digit of 119743?
7
What is the thousands digit of 1382?
1
What is the tens digit of 5547?
4
What is the hundreds digit of 1095?
0
What is the units digit of 1364?
4
What is the hundreds digit of 12328?
3
What is the tens digit of 125?
2
What is the thousands digit of 2531?
2
What is the tens digit of 19711?
1
What is the hundreds digit of 9325?
3
What is the thousands digit of 17906?
7
What is the tens digit of 28923?
2
What is the units digit of 747?
7
What is the tens digit of 4922?
2
What is the thousands digit of 81075?
1
What is the tens digit of 13745?
4
What is the hundreds digit of 367?
3
What is the thousands digit of 54479?
4
What is the units digit of 750?
0
What is the tens digit of 56232?
3
What is the hundreds digit of 3625?
6
What is the thousands digit of 2631?
2
What is the units digit of 6421?
1
What is the ten thousands digit of 35285?
3
What is the ten thousands digit of 36487?
3
What is the tens digit of 1694?
9
What is the units digit of 1470?
0
What is the hundreds digit of 10903?
9
What is the hundreds digit of 496?
4
What is the tens digit of 21177?
7
What is the units digit of 11967?
7
What is the units digit of 2787?
7
What is the tens digit of 6438?
3
What is the tens digit of 12517?
1
What is the units digit of 45333?
3
What is the units digit of 2108?
8
What is the hundreds digit of 5236?
2
What is the ten thousands digit of 25575?
2
What is the units digit of 162?
2
What is the thousands digit of 4014?
4
What is the hundred thousands digit of 101714?
1
What is the units digit of 12618?
8
What is the thousands digit of 19927?
9
What is the ten thousands digit of 110093?
1
What is the thousands digit of 16191?
6
What is the tens digit of 31016?
1
What is the units digit of 1637?
7
What is the tens digit of 10966?
6
What is the units digit of 8653?
3
What is the tens digit of 709?
0
What is the thousands digit of 20586?
0
What is the ten thousands digit of 85382?
8
What is the units digit of 350?
0
What is the tens digit of 842?
4
What is the thousands digit of 2098?
2
What is the tens digit of 8665?
6
What is the tens digit of 25711?
1
What is the ten thousands digit of 12424?
1
What is the ten thousands digit of 62628?
6
What is the tens digit of 4006?
0
What is the tens digit of 5331?
3
What is the hundreds digit of 6958?
9
What is the ten thousands digit of 14061?
1
What is the tens digit of 9172?
7
What is the tens digit of 178160?
6
What is the units digit of 5096?
6
What is the units digit of 42512?
2
What is the thousands digit of 2678?
2
What is the thousands digit of 1131?
1
What is the tens digit of 730?
3
What is the units digit of 1903?
3
What is the thousands digit of 38044?
8
What is the hundreds digit of 13736?
7
What is the hundreds digit of 73521?
5
What is the tens digit of 8850?
5
What is the units digit of 366?
6
What is the ten thousands digit of 35451?
3
What is the thousands digit of 13892?
3
What is the ten thousands digit of 17409?
1
What is the thousands digit of 28328?
8
What is the tens digit of 398?
9
What is the thousands digit of 2924?
2
What is the units digit of 711?
1
What is the units digit of 1523?
3
What is the tens digit of 4796?
9
What is the tens digit of 5351?
5
What is the units digit of 452?
2
What is the hundreds digit of 3347?
3
What is the tens digit of 99906?
0
What is the tens digit of 326?
2
What is the tens digit of 224?
2
What is the hundreds digit of 43055?
0
What is the units digit of 58492?
2
What is the tens digit of 2653?
5
What is the units digit of 41453?
3
What is the thousands digit of 45523?
5
What is the hundreds digit of 68479?
4
What is the thousands digit of 131350?
1
What is the tens digit of 28322?
2
What is the units digit of 2017?
7
What is the units digit of 1951?
1
What is the units digit of 69454?
4
What is the thousands digit of 4278?
4
What is the thousands digit of 38821?
8
What is the tens digit of 1979?
7
What is the tens digit of 17279?
7
What is the units digit of 379?
9
What is the thousands digit of 10911?
0
What is the hundreds digit of 328?
3
What is the thousands digit of 29475?
9
What is the hundreds digit of 1321?
3
What is the thousands digit of 14450?
4
What is the ten thousands digit of 105906?
0
What is the tens digit of 56?
5
What is the units digit of 1269?
9
What is the tens digit of 16558?
5
What is the units digit of 1110?
0
What is the hundreds digit of 6245?
2
What is the tens digit of 4573?
7
What is the tens digit of 4055?
5
What is the tens digit of 11613?
1
What is the tens digit of 907?
0
What is the units digit of 1065?
5
What is the units digit of 1087?
7
What is the hundreds digit of 3158?
1
What is the units digit of 3197?
7
What is the tens digit of 5501?
0
What is the ten thousands digit of 10235?
1
What is the units digit of 254?
4
What is the thousands digit of 5631?
5
What is the hundreds digit of 17045?
0
What is the ten thousands digit of 16088?
1
What is the tens digit of 10353?
5
What is the tens digit of 5284?
8
What is the thousands digit of 17692?
7
What is the thousands digit of 14354?
4
What is the thousands digit of 26348?
6
What is the hundreds digit of 6252?
2
What is the ten thousands digit of 50206?
5
What is the hundreds digit of 28798?
7
What is the tens digit of 1319?
1
What is the tens digit of 1070?
7
What is the hundreds digit of 3200?
2
What is the hundreds digit of 13771?
7
What is the hundreds digit of 9399?
3
What is the thousands digit of 7648?
7
What is the units digit of 9601?
1
What is the ten thousands digit of 32106?
3
What is the hundreds digit of 40917?
9
What is the units digit of 85157?
7
What is the tens digit of 53573?
7
What is the hundreds digit of 353?
3
What is the ten thousands digit of 32163?
3
What is the units digit of 2049?
9
What is the tens digit of 827?
2
What is the units digit of 622?
2
What is the thousands digit of 1155?
1
What is the hundreds digit of 28140?
1
What is the hundreds digit of 2233?
2
What is the units digit of 144?
4
What is the tens digit of 1681?
8
What is the thousands digit of 6837?
6
What is the tens digit of 297?
9
What is the tens digit of 738?
3
What is the ten thousands digit of 13782?
1
What is the units digit of 32081?
1
What is the tens digit of 1552?
5
What is the thousands digit of 11052?
1
What is the hundreds digit of 83078?
0
What is the hundreds digit of 105?
1
What is the units digit of 832?
2
What is the tens digit of 3154?
5
What is the thousands digit of 6198?
6
What is the units digit of 993?
3
What is the thousands digit of 2332?
2
What is the units digit of 1308?
8
What is the thousands digit of 17098?
7
What is the thousands digit of 61476?
1
What is the hundreds digit of 7885?
8
What is the units digit of 8?
8
What is the units digit of 737?
7
What is the tens digit of 1722?
2
What is the hundreds digit of 6442?
4
What is the units digit of 659?
9
What is the tens digit of 775?
7
What is the hundred thousands digit of 168466?
1
What is the tens digit of 990?
9
What is the units digit of 7411?
1
What is the hundreds digit of 165?
1
What is the hundreds digit of 44092?
0
What is the tens digit of 56868?
6
What is the thousands digit of 5016?
5
What is the hundreds digit of 1181?
1
What is the ten thousands digit of 15159?
1
What is the units digit of 2974?
4
What is the hundreds digit of 857?
8
What is the hundreds digit of 49485?
4
What is the thousands digit of 17335?
7
What is the tens digit of 2439?
3
What is the units digit of 66?
6
What is the ten thousands digit of 10379?
1
What is the ten thousands digit of 10889?
1
What is the ten thousands digit of 116776?
1
What is the tens digit of 8431?
3
What is the units digit of 23371?
1
What is the tens digit of 245?
4
What is the tens digit of 1933?
3
What is